*3/6 - y**2/2 - 4*y + 5. Let n(i) be the first derivative of o(i). What is n(6)?
-7
Let d be 3/18*3*2. Let r(f) = -5*f - 1. What is r(d)?
-6
Let s = -6 - -11. Suppose k = 3*k - f - 5, -5 = -s*k + f. Let z(t) = t - 8. What is z(k)?
-8
Let h(g) = 3*g + 2. Let l(v) = v**2 + 10*v - 2. Let p be l(-10). What is h(p)?
-4
Let q(w) = 5*w**2 - 1. Let t(y) = -6*y**2. Let f(a) = 5*q(a) + 4*t(a). Let o be (1 + 4)*4/(-5). Determine f(o).
11
Let s(o) = -o**3 + 4*o**2 - o + 3. Let b be (-1 + -1)*(-2)/1. Let u be s(b). Let x(v) = -10*v**2. Determine x(u).
-10
Let x(d) = -d**2 + 6*d - 2. Let n be ((-1)/3)/((-1)/45). Suppose 3*w + f - 3*f = n, -25 = -5*w - 3*f. Suppose 0 = w*u - 10*u + 20. Give x(u).
6
Let v(c) = 7*c**2 - 5*c + 15. Let i(u) = -11*u**2 + 7*u - 23. Let f(g) = 5*i(g) + 8*v(g). Give f(5).
5
Suppose -7*y = 24 + 4. Let w(x) = -x**2 - 3*x + 2. Give w(y).
-2
Let d be (6/(-5))/((-2)/5). Let u(q) be the second derivative of -q**3/6 - q**2 - 7*q. Determine u(d).
-5
Let v(b) = 2*b**3 - 4*b**2 + 2*b + 3. Let d(p) = 3*p**3 - 4*p**2 + 2*p + 3. Suppose 2*y - 6 = 2. Let a(n) = y*v(n) - 3*d(n). Determine a(-4).
-5
Suppose -12 = -c - 2*c. Let i(t) be the first derivative of -t**5/60 + t**4/6 - t**3/2 + t**2/2 + 2. Let v(p) be the second derivative of i(p). Determine v(c).
-3
Let h(d) be the first derivative of d - 4 - 2*d**4 - 1/2*d**2 + 1/3*d**3. Determine h(1).
-7
Suppose -i + 8 = i. Suppose -i*j + 1 = -3. Suppose 13 = -5*v - 0*t + t, 5*v + j = -3*t. Let w(r) = 4*r + 3. Calculate w(v).
-5
Let x(l) = l**3 - 10*l**2 + 11*l - 12. Let r be x(9). Let t = r - 2. Let j(k) = k**3 - 3*k**2 - 4*k + 3. What is j(t)?
3
Let r(o) = -o**2 - 2*o + 2. Let d(x) = x + 12. Let f be d(-9). Let h be (-1 - f) + (6 - 5). Calculate r(h).
-1
Let j(n) = n + 11. Let d(r) = r - 12 - 6*r + 3*r. Let x(w) = 2*d(w) + 3*j(w). Calculate x(4).
5
Let m(w) be the first derivative of w**2/2 - 4*w - 8. Calculate m(-6).
-10
Let u(b) = 264*b - 271*b + 4 - 2. Determine u(2).
-12
Let o(j) = 3*j**3 - 3*j + 4. Let n(c) = -4*c + 0*c**3 + 5 - 2*c**2 + 2*c**3 + 2*c**2. Let q(g) = -5*n(g) + 6*o(g). Give q(1).
9
Let i(t) = t**2 - 5*t. Suppose -9 = 2*b - 5. Let h be 4/b + (-14)/(-2). Give i(h).
0
Suppose 0 = -3*p + p. Suppose 0 = b - p*b. Let v(i) = i - 14. Calculate v(b).
-14
Let f be 4/(-22) + (-16)/(-88). Let x(b) = -b**3 - b**2 - b + 5. Determine x(f).
5
Suppose -2*g + 38 = 4*a, -4*a + 4*g + 4 = -2*a. Suppose -a = -v + 5*v. Let t(x) = 6*x + 3. Determine t(v).
-9
Suppose -c - 50 = 9*c. Let r(x) = x**3 + 5*x**2 - 4*x + 6. Give r(c).
26
Suppose 3*s - 5 = 4. Let v(f) be the third derivative of f**6/120 - f**5/15 + f**4/12 - f**3/3 - 3*f**2. What is v(s)?
-5
Let v(x) = -2 + 215*x - 214*x + 1. Determine v(0).
-1
Let h(a) = -a**3 + 4*a**2 - 2*a - 4. Suppose -2*c - 3 = 3*v, 4*c + c + 5*v = 0. Determine h(c).
-1
Let v(u) = 5*u**2 - 4*u + 7. Let r(p) = -3 + 2*p - p**2 - 4*p**2 + 2*p**2. Let l(f) = -5*r(f) - 2*v(f). Calculate l(1).
4
Suppose -6*i + i + 35 = 0. Let u be i + -9 - 1*-1. Let h(a) = 8*a. Give h(u).
-8
Let k = 7 - 4. Suppose k*s = s. Suppose s = -3*f - 0*f. Let w(p) = p**3 + p**2 + 3. What is w(f)?
3
Let t(b) = b**2 + 3*b. Let m be t(5). Suppose -2*c - 2*c + m = 0. Let d be c*((-6)/(-3))/4. Let l(k) = k**3 - 4*k**2 - 4*k + 5. Calculate l(d).
10
Let t(f) = -f**2 - 12*f - 11. Let d(n) = -n - 1. Let z(i) = 6*d(i) - t(i). What is z(-7)?
12
Let s(v) = -v**2 - 3*v + 2. Let w(n) = 3*n - 2. Let f be w(0). What is s(f)?
4
Let l(a) = a**3 + a + 1. Suppose 4*k - 2*k = -12*k. Give l(k).
1
Let o(x) = -3*x**2 - 4*x - 1. Let a(h) = -h**2 - h. Let f(v) = -a(v) + o(v). What is f(-3)?
-10
Let s be (12/20)/(1/5). Let b(y) = -y**2 + 6*y + 2. Let f be b(s). Let g = f + -6. Let i(t) = -t + 3. Give i(g).
-2
Let a be (0/(6/2))/(-2). Let m = 2 - a. Let r(t) = -m + t**2 + 2*t + 0*t - 3*t. Give r(2).
0
Let h(n) be the first derivative of n**3/3 + 3*n**2 + 5*n + 5. What is h(-5)?
0
Let i(q) = 1. Let g(d) = -d**2 + d + 8. Let s(a) = -g(a) - 2*i(a). What is s(0)?
-10
Suppose -4 = -5*k - 14. Let j(f) = -f**2 - 4*f - 2. Determine j(k).
2
Let p(k) = 4*k - 4*k**3 + 5*k**2 + 7*k**3 - 2*k**3 + 2. Let n be (-2)/9 + 16/(-9). Determine p(n).
6
Let h(i) = -5*i**3 - 3*i**2 - 7*i + 4. Let p(z) = 11*z**3 + 5*z**2 + 14*z - 8. Let j(b) = -9*h(b) - 4*p(b). Give j(-6).
-10
Let p(t) = t. Suppose -3*l - 2*l - u = -7, -23 = -4*l + 5*u. Determine p(l).
2
Let z(h) = -2*h. Let q(b) = -2*b - 1. Let c(m) = -2*q(m) + 3*z(m). Suppose 2*o - 5*w = -9 - 6, w = -3*o + 20. Calculate c(o).
-8
Suppose -4*o - 2 + 18 = 0. Let w(r) = -r**3 + 4*r**2 - 3*r. Calculate w(o).
-12
Let u(h) = h**2 + 6*h - 6. Suppose -17 + 5 = 2*j. Calculate u(j).
-6
Let t(x) = 8*x**3 + 6*x**2 + 7*x + 1. Let w(q) = -q**3 - q**2 - q. Let g(v) = -t(v) - 6*w(v). Calculate g(-2).
17
Let z(k) = 0 - k - 2 + 3 + 0. Let c(d) = 8*d - 3. Let v(w) = c(w) + 4*z(w). What is v(-1)?
-3
Let i(m) = -m - 9. Let a be i(-8). Let y(z) be the second derivative of 7*z**4/12 - z**2/2 - z. What is y(a)?
6
Let x(q) be the second derivative of -q**4/12 + 2*q**3/3 + 3*q**2 - 23*q. Give x(5).
1
Let p(d) = -d. Let a(o) = 3*o - 23. Let u be a(7). Determine p(u).
2
Let q(n) = -n**2 + 9*n + 10. Let g(f) = f**2 + 3*f - 1. Let k be g(2). Determine q(k).
10
Let y(q) = 2*q**2 + q. Let b(p) = p**3 + 8*p**2 + 1. Let x be b(-8). Let v be y(x). Suppose -8*a = -v*a. Let h(t) = -t**2 - t - 2. Calculate h(a).
-2
Suppose f + 13 = -f - 3*y, -f - 5 = y. Let a(i) = 13*i**3 + 3*i**2 - 17*i + 4. Let s(p) = -3*p**3 - p**2 + 4*p - 1. Let v(d) = 2*a(d) + 9*s(d). Give v(f).
-9
Let x(j) = 5 + 9*j - 4*j**2 - 2*j**2 + 4*j**2. Let r(w) = w + 7*w**2 - 23*w**2 + 15*w**2. Let l(v) = 3*r(v) - x(v). Give l(-4).
3
Let w(n) = 4 - 2 - 3 + n**2. Suppose 3 = -r + 2*f, -3*r + 4*f - 15 = 2*r. Calculate w(r).
8
Let l(j) be the first derivative of j**2/2 - 2. Calculate l(5).
5
Let g(f) = f**2 + f**3 + f**2 + 2*f - 4*f**2 - 2*f**3 - 1. Give g(1).
-2
Let a(d) = -198*d - 23 - d**2 + 198*d + 0*d**2. Give a(0).
-23
Let x(k) = 6*k**3 - 2*k**2 + 2*k - 1. Let r = 72 - 71. What is x(r)?
5
Let t(j) = -1 - 2*j - 2*j + j - 4. Calculate t(-5).
10
Let a(o) = -11*o + 28. Let q(c) = -7 - 1 + 5*c - 6. Let r(s) = 4*a(s) + 9*q(s). What is r(6)?
-8
Let u(l) be the first derivative of -l**2 - l + 3 - 4 + 5*l - 1. Give u(3).
-2
Let n(v) = 2*v**2 + 3*v - 4. Let o(c) = -c**2 + 1. Let k(q) = n(q) + 3*o(q). Let h be 4*(5/(-4) + 2). Give k(h).
-1
Let u(d) = -4 - 6*d + 0*d + 5 + 0*d. Determine u(-2).
13
Let p be (-6 - -4)/(2/(-4)). Suppose -4 = 2*n - 3*g, 2*n + p = -g - 0*g. Let l(t) = -t**3 + t**2 + t - 1. Give l(n).
9
Let b(d) = -5*d + 5. Let g(q) = -20*q + 21. Let a(x) = -9*b(x) + 2*g(x). Calculate a(2).
7
Let w(x) be the second derivative of 1/3*x**3 + 0 + 3*x + 2*x**2. Determine w(3).
10
Let k(q) = -q**3 - 6*q**2 + 5. Let x be (-2 - 4)*(-6)/(-6). Give k(x).
5
Let l(h) be the first derivative of h**5/120 + 5*h**4/24 + h**3 - 2. Let c(s) be the third derivative of l(s). Calculate c(-4).
1
Let u(x) = -3 + 0*x**2 + x**2 - 5*x**2 - 5*x + x + x**3. Suppose -3*t + 25 = 2*t. Determine u(t).
2
Suppose -4*c - 2*s - 20 = 0, -3*c - 2*s - 15 = 3*s. Let o(t) be the first derivative of -3 - 2*t**3 - 6*t - 5/2*t**2 - 1/4*t**4. What is o(c)?
-6
Let r(u) = u**2 - 5*u + 9. Let l(x) = -x**2 - 9*x + 2. Let w be l(-9). Suppose -d + 5*d = 2*f + 34, 0 = -3*d - w*f + 8. Calculate r(d).
15
Suppose 6 = -2*b + 4*x - 2, -28 = -3*b - 2*x. Let u(q) = -10*q - 3. Let c(v) = -3*v - 1. Let m(i) = 7*c(i) - 2*u(i). What is m(b)?
-7
Let m = 2 + -7. Let z(d) = d**3 + 5*d**2 - d + 4. Calculate z(m).
9
Let p(x) = -12 + 7*x**2 + 10*x**2 + 8*x**2 + 3*x - 5*x**2. Let d(b) = -7*b**2 - b + 4. Let a(o) = 17*d(o) + 6*p(o). Give a(0).
-4
Let r(v) = -4*v + 4. Suppose -q + 8 = q. What is r(q)?
-12
Let a = 11 - 8. Let d(u) = -u + 3. Let m be d(a). Let t(r) = m*r - 3*r - r - 2. Calculate t(-2).
6
Let c(k) = -k**2 - k - 1. Let y(d) = 2*d**2 + 7. Let m(o) = 3*c(o) + y(o). Give m(-4).
0
Let q(s) = -s**3 - 3*s**2 - 2*s - 3. Let o(n) = -n + 3. Let z be o(5). Let d be q(z). Let b be d/((-6)/(-2)) - -2. Let c(m) = -m + 1. What is c(b)?
0
Let h(n) = -4*n**3 - 3*n**2 - 2*n - 3. Let r = 9 + -6. Let b(f) = 11*f**3 + 10*f**2 + 6*f + 10. Let l(d) = r*b(d) + 8*h(d). Calculate l(-6).
-6
Suppose 7 = m + n - 2*n, 2*m - n = 9. Let g(a) be the first derivati